{"id":56,"date":"2019-01-29T11:19:49","date_gmt":"2019-01-29T11:19:49","guid":{"rendered":"http:\/\/dev.fahrschule-christine-timmer.de\/?page_id=56"},"modified":"2020-10-26T14:57:16","modified_gmt":"2020-10-26T14:57:16","slug":"contact","status":"publish","type":"page","link":"https:\/\/fahrschule-christine-timmer.de\/?page_id=56&lang=en","title":{"rendered":"CONTACT"},"content":{"rendered":"<p>Fahrschule Christine Timmer<br \/>\nHe\u00dfstra\u00dfe 58<br \/>\n80798 M\u00fcnchen<\/p>\n<p>Telefon: 089 \u2013 54 80 76 90<br \/>\nMobil: 0179 599 59 08<br \/>\nE-Mail:\u00a0christine_timmer@yahoo.com<br \/>\nwww.fahrschule-christine-timmer.de<\/p>\n<p>&nbsp;<\/p>\n<hr \/>\n<div>\n\n<!-- iframe plugin v.6.0 wordpress.org\/plugins\/iframe\/ -->\n<iframe loading=\"lazy\" src=\"https:\/\/www.google.com\/maps\/embed?pb=!1m14!1m8!1m3!1d10647.190226601606!2d11.564182!3d48.152708!3m2!1i1024!2i768!4f13.1!3m3!1m2!1s0x479e75e6f14e106d%3A0xf020a74c63daf2e8!2zSGXDn3N0cmHDn2UgNTgsIDgwNzk4IE3DvG5jaGVuLCBEZXV0c2NobGFuZA!5e0!3m2!1sde!2sus!4v1551871905744\" width=\"100%\" height=\"350\" frameborder=\"0\" style=\"border:0\" 0=\"allowfullscreen&amp;gt;\" scrolling=\"yes\" class=\"iframe-class\"><\/iframe>\n\n<\/div>\n<div><\/div>\n<div><\/div>\n<div><\/div>\n<div id=\"yui_3_16_0_ym19_1_1510582907382_17103\">\n<div><\/div>\n<\/div>\n<div id=\"OKAYFREEDOM_INJECTED\" style=\"display: none;\"><\/div>\n<div><\/div>\n<p><script src=\"moz-extension:\/\/6126c19a-c53d-41c4-a10a-6bfd0adeb151\/web\/libs\/ciuvo-addon-sdk.min.js\" async=\"\"><\/script><\/p>\n","protected":false},"excerpt":{"rendered":"<p>Fahrschule Christine Timmer He\u00dfstra\u00dfe 58 80798 M\u00fcnchen Telefon: 089 \u2013 54 80 76 90 Mobil: 0179 599 59 08 E-Mail:\u00a0christine_timmer@yahoo.com www.fahrschule-christine-timmer.de &nbsp;<\/p>\n","protected":false},"author":1,"featured_media":0,"parent":0,"menu_order":0,"comment_status":"closed","ping_status":"closed","template":"","meta":{"footnotes":""},"class_list":["post-56","page","type-page","status-publish","hentry"],"_links":{"self":[{"href":"https:\/\/fahrschule-christine-timmer.de\/index.php?rest_route=\/wp\/v2\/pages\/56","targetHints":{"allow":["GET"]}}],"collection":[{"href":"https:\/\/fahrschule-christine-timmer.de\/index.php?rest_route=\/wp\/v2\/pages"}],"about":[{"href":"https:\/\/fahrschule-christine-timmer.de\/index.php?rest_route=\/wp\/v2\/types\/page"}],"author":[{"embeddable":true,"href":"https:\/\/fahrschule-christine-timmer.de\/index.php?rest_route=\/wp\/v2\/users\/1"}],"replies":[{"embeddable":true,"href":"https:\/\/fahrschule-christine-timmer.de\/index.php?rest_route=%2Fwp%2Fv2%2Fcomments&post=56"}],"version-history":[{"count":7,"href":"https:\/\/fahrschule-christine-timmer.de\/index.php?rest_route=\/wp\/v2\/pages\/56\/revisions"}],"predecessor-version":[{"id":504,"href":"https:\/\/fahrschule-christine-timmer.de\/index.php?rest_route=\/wp\/v2\/pages\/56\/revisions\/504"}],"wp:attachment":[{"href":"https:\/\/fahrschule-christine-timmer.de\/index.php?rest_route=%2Fwp%2Fv2%2Fmedia&parent=56"}],"curies":[{"name":"wp","href":"https:\/\/api.w.org\/{rel}","templated":true}]}}