{"id":45,"date":"2019-01-29T10:56:57","date_gmt":"2019-01-29T10:56:57","guid":{"rendered":"http:\/\/dev.fahrschule-christine-timmer.de\/?page_id=45"},"modified":"2020-07-28T14:05:01","modified_gmt":"2020-07-28T14:05:01","slug":"service","status":"publish","type":"page","link":"https:\/\/fahrschule-christine-timmer.de\/?page_id=45","title":{"rendered":"SERVICE"},"content":{"rendered":"<p>Hier k\u00f6nnen Sie Informationen zu einzelnen Themen herunterladen.<br \/>\nDazu ben\u00f6tigen Sie das Programm <a href=\"http:\/\/www.adobe.com\/de\/products\/acrobat\/readstep2.html\" target=\"_blank\" rel=\"noopener noreferrer\">Acrobat Reader<\/a>.<\/p>\n<ul>\n<li><a href=\"https:\/\/fahrschule-christine-timmer.de\/wp-content\/uploads\/2019\/02\/FSCT_B_Flyer_dt_web.pdf\">Info F\u00fchrerschein Klasse B<\/a><\/li>\n<li><a href=\"https:\/\/fahrschule-christine-timmer.de\/wp-content\/uploads\/2019\/07\/FSCT_US_dt_web.pdf\">So schreiben Sie Ihren F\u00fchrerschein um<\/a><\/li>\n<li><a href=\"https:\/\/fahrschule-christine-timmer.de\/wp-content\/uploads\/2019\/02\/BingBangBong_2P.pdf\">Bing, Bang, Bong \u2013 Parken leicht gemacht\u00a0<\/a><\/li>\n<\/ul>\n<div id=\"OKAYFREEDOM_INJECTED\" style=\"display: none;\"><\/div>\n<p><script src=\"moz-extension:\/\/6126c19a-c53d-41c4-a10a-6bfd0adeb151\/web\/libs\/ciuvo-addon-sdk.min.js\" async=\"\"><\/script><\/p>\n","protected":false},"excerpt":{"rendered":"<p>Hier k\u00f6nnen Sie Informationen zu einzelnen Themen herunterladen. Dazu ben\u00f6tigen Sie das Programm Acrobat Reader. Info F\u00fchrerschein Klasse B So schreiben Sie Ihren F\u00fchrerschein um Bing, Bang, Bong \u2013 Parken leicht gemacht\u00a0<\/p>\n","protected":false},"author":1,"featured_media":0,"parent":0,"menu_order":0,"comment_status":"closed","ping_status":"closed","template":"","meta":{"footnotes":""},"class_list":["post-45","page","type-page","status-publish","hentry"],"_links":{"self":[{"href":"https:\/\/fahrschule-christine-timmer.de\/index.php?rest_route=\/wp\/v2\/pages\/45","targetHints":{"allow":["GET"]}}],"collection":[{"href":"https:\/\/fahrschule-christine-timmer.de\/index.php?rest_route=\/wp\/v2\/pages"}],"about":[{"href":"https:\/\/fahrschule-christine-timmer.de\/index.php?rest_route=\/wp\/v2\/types\/page"}],"author":[{"embeddable":true,"href":"https:\/\/fahrschule-christine-timmer.de\/index.php?rest_route=\/wp\/v2\/users\/1"}],"replies":[{"embeddable":true,"href":"https:\/\/fahrschule-christine-timmer.de\/index.php?rest_route=%2Fwp%2Fv2%2Fcomments&post=45"}],"version-history":[{"count":14,"href":"https:\/\/fahrschule-christine-timmer.de\/index.php?rest_route=\/wp\/v2\/pages\/45\/revisions"}],"predecessor-version":[{"id":485,"href":"https:\/\/fahrschule-christine-timmer.de\/index.php?rest_route=\/wp\/v2\/pages\/45\/revisions\/485"}],"wp:attachment":[{"href":"https:\/\/fahrschule-christine-timmer.de\/index.php?rest_route=%2Fwp%2Fv2%2Fmedia&parent=45"}],"curies":[{"name":"wp","href":"https:\/\/api.w.org\/{rel}","templated":true}]}}